)/(-4) - 1)*2. Suppose -h*o + o + 6 = 0. Suppose -o*r = -10 - 65. Is r a composite number?
True
Let o(d) = -3*d**3 + 3*d**2 + 3*d + 3. Let u(q) = q**3 - 2*q**2 + q + 2. Let a be u(3). Suppose 4*h + 4*b - 12 = 0, 2*h = b + 5 - a. Is o(h) a prime number?
False
Suppose -z - 2*z + 15 = 0. Suppose -171 = -3*d - 6*q + 4*q, 3*q = z*d - 266. Is d composite?
True
Let u = -1588 - -2237. Is u a prime number?
False
Suppose -3*b + 101 = -700. Suppose -4*g = -2*h + 35 + 143, -b = -3*h - 5*g. Is h a composite number?
False
Let b be 1/2 - (-49)/(-14). Let c be ((-30)/(-4))/(b/(-6)). Is 711/c + (-4)/10 prime?
True
Let q(g) = g + 21. Suppose 5 = -5*l, -3*l = -4*y + 1 + 2. Is q(y) a prime number?
False
Suppose -1113 = -5*w + 322. Suppose 0 = -5*f + 1368 + w. Is f composite?
False
Let f be (-5181)/(-4) + 8/(-32). Suppose -3*j + f = 2*j. Is j prime?
False
Let r = 13 - 8. Suppose -3*m - 12 = -4*i + 255, 153 = 2*i + r*m. Is i a composite number?
True
Let v = 15 - 11. Suppose -4*u - 3*b + 20 = -b, 3*u - 5 = -v*b. Suppose -5*p = -23 - u. Is p composite?
True
Let b = 35 + 4. Is b composite?
True
Let w(d) = -d**2 - 6*d - 5. Let g be w(-4). Let y be (-16)/12*g*-1. Is (y - 3)/((-1)/(-85)) composite?
True
Let m be (35 + 0)/(2/10). Let j = m + -110. Is j a composite number?
True
Let l(p) = -1849*p - 2. Is l(-1) a prime number?
True
Let c = 117 - -21. Suppose c = -0*v - v. Let i = -95 - v. Is i a prime number?
True
Suppose 4*t - 99 = 5*a + 1200, -4*t + 2*a + 1314 = 0. Is t a prime number?
True
Suppose -1 = 3*r - 7. Suppose 2*n + r*v - 628 = 0, n = 2*n - 3*v - 302. Is n a composite number?
False
Let l(v) = -161*v. Is l(-1) a composite number?
True
Let y = 18 - 7. Suppose -h + 30 = y. Is h a prime number?
True
Suppose -2*y + 2479 + 1867 = 0. Is y composite?
True
Let i = -91 - -34. Let k = i + 153. Suppose 39 = -3*v + k. Is v a composite number?
False
Is (-1390)/(-7) - 5/35*-3 a composite number?
False
Let w = -1357 - -1922. Suppose 0 = -2*i - 3*i + w. Is i a prime number?
True
Let s be 392 - (-2 + 4 + 0). Let w = s + -211. Is w composite?
False
Let p(m) = 18*m + 13. Is p(6) a prime number?
False
Let z(g) = 2 + 2*g - 1 + 2 - 1. Is z(2) prime?
False
Let c be 1*2 + -2 + 3. Suppose 2*k + 2*x = -2*k + 1038, c*x - 1039 = -4*k. Is k a prime number?
False
Suppose -2*h + 99 = -211. Suppose 2*a - 277 = -o, o = -a + h - 19. Is a prime?
False
Suppose -5*k + 2 = -23. Suppose -k*w - 237 - 938 = 0. Is (-2)/(-3) + w/(-3) a composite number?
False
Suppose -5*q + 830 = 135. Is q composite?
False
Let r = 13 - 4. Let f(a) = -a**2 - a. Let m be f(1). Let l = m + r. Is l a composite number?
False
Let v = -184 + 563. Suppose 0 = 5*z - v - 426. Is z prime?
False
Let h(l) = 83*l**2 + 10*l - 2. Is h(7) prime?
False
Let n = -3 + 8. Let x be (-6 + 5)*(0 + n). Let k(z) = -z**3 - z**2 + 2*z - 5. Is k(x) a prime number?
False
Suppose 848 = 4*n + 252. Is n a prime number?
True
Let i(s) be the second derivative of -14*s**3/3 - 9*s**2/2 - 5*s. Is i(-11) composite?
True
Let x = 5 - -14. Let g = -8 + x. Is g a composite number?
False
Is (-5)/(5/(-237)) + (-1 - -1) a prime number?
False
Let s(r) = 68*r + 7. Is s(5) a prime number?
True
Let s(g) = 73*g**2 - 6*g + 14. Is s(9) a composite number?
True
Suppose 3*k = 1 + 8. Suppose 3*s + k - 33 = 0. Suppose 17 = f - 5*z, -z + 68 = 2*f - s. Is f a composite number?
False
Suppose -4*r = -2*d - 3180, 3*d = -4*r - 0*r + 3160. Suppose 2*h - 5*f = 506, -5*h = -2*h + f - r. Is h a prime number?
True
Let c(a) = -165*a + 27. Is c(-8) a prime number?
False
Suppose 3*t + 9 = -3*l, 2*l = -0*t - 5*t. Suppose t*s + 5*z - 63 = 0, 0*z + z = -s + 24. Suppose 4*b - s = 3*b. Is b a prime number?
True
Let z = 43 - 95. Let d = z + 91. Is d a composite number?
True
Suppose 391 = -6*u + 7*u. Is u a prime number?
False
Suppose -5*h = -h - 692. Let n = h - 118. Is n composite?
True
Suppose 18 = -a + 971. Is a prime?
True
Is (1*-59)/(-16 + 15) a prime number?
True
Suppose -4*q + 794 + 1458 = 0. Suppose 2*u + q = 5*d, 2*d = -d + 9. Let n = u + 416. Is n prime?
False
Let g be (-6)/(-10) - 1266/(-15). Suppose -y - 2 = -g. Is y prime?
True
Let x(b) = 6*b**2 + 11*b - 10. Is x(-9) a prime number?
False
Let j(h) = -h**3 + 8*h**2 - 8*h + 17. Is j(7) composite?
True
Let b = 8 + -10. Is (-2 + 2)/b + 22 a composite number?
True
Let i = 25 + -118. Let u = -62 - i. Is u prime?
True
Let p(n) = n**2 - 2*n + 4. Is p(11) composite?
False
Suppose -4*o + 6*o = 0. Suppose -3*g = 5*m - 250, o = m + g - 4 - 44. Is m a composite number?
False
Let l(s) = s**3 - s + 11. Is l(0) a prime number?
True
Let w(p) = 2*p**2 + 2*p - 1. Let l be w(1). Suppose l*f = o - 4, 0 = -2*o - 5*f + 3*f + 8. Suppose 18 = d - o*x, -4*d = 4*x - 9 - 3. Is d composite?
True
Let z(f) = f**2 - 11*f + 14. Let q be z(10). Suppose 0 = 2*s - 2*c - 32, 0*s + 2*s + 2*c - 24 = 0. Suppose -4*a = 0, q*a = -2*y + 5*a + s. Is y composite?
False
Let s = 5 + 1. Suppose 2*o = s*o - 16. Suppose -8 = -o*p + 20. Is p prime?
True
Is (-865)/(-20) - (-3)/(-12) prime?
True
Let p(k) = k**3 + 14*k**2 + 13*k - 3. Suppose 2*t + 4*c = -26, -3*t + 4*c = -0*t + 29. Is p(t) a prime number?
False
Let b = -131 + 208. Is b a prime number?
False
Let s(c) = 16*c**2 + 6*c - 26. Is s(6) composite?
True
Suppose 0 = -3*w + 2*w + 3. Let h(r) = r**3 - 3*r**2 + 2*r + 1. Let n be h(w). Is 1 + 0 - (n + -27) prime?
False
Let b = -101 - -224. Is b a composite number?
True
Let c be (2/(-5))/((-2)/60). Let n = 2 + c. Is n a composite number?
True
Suppose 2*r = r + 64. Let s = r - -25. Is s a composite number?
False
Suppose -3*q + 0*q + 459 = 0. Let k be 24*(q/12)/3. Suppose -4*f + k = 2*o, 0 = o + 4*o - 25. Is f a prime number?
True
Suppose t - 302 = 107. Is t a composite number?
False
Is (-2)/(-9) - (-3 + 1850/(-18)) composite?
True
Suppose 2*k = 12 - 2. Let v = k + 86. Is v composite?
True
Let k(a) = 2*a**2 - 7*a + 4*a**2 + 3*a + 1. Is k(3) composite?
False
Let n(w) = -97*w - 5. Let u(i) = -1165*i - 60. Let a(r) = -35*n(r) + 3*u(r). Is a(-3) prime?
False
Suppose -15*y + 19*y = 1916. Is y composite?
False
Let o(z) = z**3 - z**2 + z + 587. Is o(0) a prime number?
True
Let z = 64 + 85. Is z a composite number?
False
Let f = -8 - -5. Let m be (f - 2*-1)*-2. Is ((-65)/m)/((-5)/10) prime?
False
Let t(r) = 4*r**2 + 1. Is t(3) composite?
False
Let t(p) = p**2 - p - 1. Let f = -11 + 15. Is t(f) prime?
True
Suppose 389 = 4*m - 243. Is m a prime number?
False
Suppose -5*h + 2*f + 2951 = 6*f, 2*h = -5*f + 1177. Is h prime?
False
Let t(w) = 77*w + 2. Let b(s) = -s - 5. Let q be b(-6). Is t(q) a composite number?
False
Suppose -5*p + 795 = -2*p. Is p composite?
True
Let m(q) = 7*q - 10. Let r(v) = v + 1. Let t(n) = m(n) + 2*r(n). Is t(6) a prime number?
False
Let o(d) = -d**3 + 10*d**2 + 23*d + 2. Is o(11) a prime number?
False
Let k(l) = -l**3 + l**2 + 2*l + 667. Is k(0) composite?
True
Let a be ((-14)/(-6))/(5/15). Suppose -a*l + 655 = -2*l. Is l composite?
False
Let n be (-7)/(-2) + 3/(-6). Suppose 3*u + 4*y - 279 = n*y, 2*y + 6 = 0. Is u prime?
False
Is 353/2*(4 + (-6 - -4)) a composite number?
False
Let p(u) = u**2 + 4*u + 2. Let q be p(-4). Suppose 0 = i - q*r - 11, 5*i + 5 = 5*r + 70. Is 2/6 + 520/i composite?
True
Let c = -661 - -1202. Is c a composite number?
False
Suppose 0*r = -2*r - 6. Is 9/6*(-46)/r a composite number?
False
Let r = 2 + 0. Suppose -148 = -4*b + l, -r*b - b + l + 111 = 0. Suppose -5*q = -4*q - b. Is q composite?
False
Let h(y) = 16*y - 3. Let o be h(4). Suppose 5*v + 2*m = -2*m + 53, 4*v = 3*m + o. Is v prime?
True
Suppose -4*z + 210 + 31 = 3*y, z + 92 = y. Is y prime?
False
Suppose h = c + 35 + 40, 0 = -4*h + c + 291. Suppose -v = -4*b - 0*v + 93, 3*b - 3*v - h = 0. Is b composite?
False
Let d(z) = -13*z - 35. Is d(-13) a composite number?
True
Let d be (12/7)/(3/21). Suppose y + 3*c - 29 = d, 2*c = -2*y + 74. Is y composite?
True
Let g(q) = q**2 + 6*q. Let c be g(-6). Suppose c = -5*b + 4*r + 327, -2*b + 4*b - 4*r - 126 = 0. Let o = 104 - b. Is o composite?
False
Let v(a) = a**3 + 9*a**2 - 10*a. Let h be v(-10). Let z(n) = -n + 163. Is z(h) prime?
True
Let z = -1642 - -2729. Is z prime?
True
Let c = -2 - -6. Suppose -148 = -c*m - 0*m. Is m a prime number?
True
Suppose -4*v - 253 + 1433 = 0. Let m = v + -176. Is m a prime number?
False
Let u(d) = -2*d**2 - 5*d - 4. Le